{"id":31404,"date":"2025-05-05T14:38:12","date_gmt":"2025-05-05T13:38:12","guid":{"rendered":"https:\/\/www.leitao-irmao.com\/?post_type=product&#038;p=31404"},"modified":"2026-03-03T10:24:37","modified_gmt":"2026-03-03T10:24:37","slug":"cruz-do-bom-pastor-em-prata","status":"publish","type":"product","link":"https:\/\/www.leitao-irmao.com\/en\/product\/cruz-do-bom-pastor-em-prata\/","title":{"rendered":"Good Shepherd Cross in silver"},"content":{"rendered":"","protected":false},"excerpt":{"rendered":"<p>Discover the good shepherd's cross in silver from Leit\u00e3o &amp; Irm\u00e3o.<\/p>\n<p>Reprint of the Good Shepherd cross launched in 2017 on the occasion of the Fatima centenary celebrations. Cross used by Pope Francis.<\/p>\n<p>The Cross of the Good Shepherd represents Jesus Christ as the Shepherd who cares for, protects and guides his sheep, and is a symbol of hope, love and salvation.<\/p>\n<p>The cross is only carved on one side.<\/p>","protected":false},"featured_media":31455,"template":"","meta":{"_acf_changed":false},"product_brand":[],"product_cat":[483,137,676,121,136,124,496],"product_tag":[434,277,278,270,279],"class_list":{"0":"post-31404","1":"product","2":"type-product","3":"status-publish","4":"has-post-thumbnail","6":"product_cat-artigos-religiosos-joalharia-portuguesa","7":"product_cat-batizados","8":"product_cat-gift-selection","9":"product_cat-gifts","10":"product_cat-pascoa","11":"product_cat-presentes-entre-500e-a-1000e","12":"product_cat-sem-desconto","13":"product_tag-crianca","14":"product_tag-homem","15":"product_tag-mulher","16":"product_tag-prata","17":"product_tag-unissexo","19":"first","20":"instock","21":"shipping-taxable","22":"purchasable","23":"product-type-simple"},"acf":[],"yoast_head":"<!-- This site is optimized with the Yoast SEO plugin v25.4 - https:\/\/yoast.com\/wordpress\/plugins\/seo\/ -->\n<title>Cruz do Bom Pastor em prata | Leit\u00e3o &amp; Irm\u00e3o<\/title>\n<meta name=\"description\" content=\"Descubra a reedi\u00e7\u00e3o da cruz do Bom Pastor lan\u00e7ada em 2017 por ocasi\u00e3o das comemora\u00e7\u00f5es do centen\u00e1rio de F\u00e1tima. Cruz utilizada pelo Papa Francisco.\" \/>\n<meta name=\"robots\" content=\"index, follow, max-snippet:-1, max-image-preview:large, max-video-preview:-1\" \/>\n<link rel=\"canonical\" href=\"https:\/\/www.leitao-irmao.com\/en\/product\/cruz-do-bom-pastor-em-prata\/\" \/>\n<meta property=\"og:locale\" content=\"en_GB\" \/>\n<meta property=\"og:type\" content=\"article\" \/>\n<meta property=\"og:title\" content=\"Cruz do Bom Pastor em prata | Leit\u00e3o &amp; Irm\u00e3o\" \/>\n<meta property=\"og:description\" content=\"Descubra a reedi\u00e7\u00e3o da cruz do Bom Pastor lan\u00e7ada em 2017 por ocasi\u00e3o das comemora\u00e7\u00f5es do centen\u00e1rio de F\u00e1tima. Cruz utilizada pelo Papa Francisco.\" \/>\n<meta property=\"og:url\" content=\"https:\/\/www.leitao-irmao.com\/en\/product\/cruz-do-bom-pastor-em-prata\/\" \/>\n<meta property=\"og:site_name\" content=\"Leit\u00e3o &amp; Irm\u00e3o\" \/>\n<meta property=\"article:modified_time\" content=\"2026-03-03T10:24:37+00:00\" \/>\n<meta property=\"og:image\" content=\"https:\/\/www.leitao-irmao.com\/wp-content\/uploads\/2025\/05\/cruz_bompastor_leitaoirmao_01.jpg\" \/>\n\t<meta property=\"og:image:width\" content=\"1920\" \/>\n\t<meta property=\"og:image:height\" content=\"1920\" \/>\n\t<meta property=\"og:image:type\" content=\"image\/jpeg\" \/>\n<meta name=\"twitter:card\" content=\"summary_large_image\" \/>\n<meta name=\"twitter:label1\" content=\"Estimated reading time\" \/>\n\t<meta name=\"twitter:data1\" content=\"1 minute\" \/>\n<script type=\"application\/ld+json\" class=\"yoast-schema-graph\">{\"@context\":\"https:\/\/schema.org\",\"@graph\":[{\"@type\":\"WebPage\",\"@id\":\"https:\/\/www.leitao-irmao.com\/product\/cruz-do-bom-pastor-em-prata\/\",\"url\":\"https:\/\/www.leitao-irmao.com\/product\/cruz-do-bom-pastor-em-prata\/\",\"name\":\"Cruz do Bom Pastor em prata | Leit\u00e3o &amp; Irm\u00e3o\",\"isPartOf\":{\"@id\":\"https:\/\/www.leitao-irmao.com\/#website\"},\"primaryImageOfPage\":{\"@id\":\"https:\/\/www.leitao-irmao.com\/product\/cruz-do-bom-pastor-em-prata\/#primaryimage\"},\"image\":{\"@id\":\"https:\/\/www.leitao-irmao.com\/product\/cruz-do-bom-pastor-em-prata\/#primaryimage\"},\"thumbnailUrl\":\"https:\/\/www.leitao-irmao.com\/wp-content\/uploads\/2025\/05\/cruz_bompastor_leitaoirmao_01.jpg\",\"datePublished\":\"2025-05-05T13:38:12+00:00\",\"dateModified\":\"2026-03-03T10:24:37+00:00\",\"description\":\"Descubra a reedi\u00e7\u00e3o da cruz do Bom Pastor lan\u00e7ada em 2017 por ocasi\u00e3o das comemora\u00e7\u00f5es do centen\u00e1rio de F\u00e1tima. Cruz utilizada pelo Papa Francisco.\",\"breadcrumb\":{\"@id\":\"https:\/\/www.leitao-irmao.com\/product\/cruz-do-bom-pastor-em-prata\/#breadcrumb\"},\"inLanguage\":\"en-GB\",\"potentialAction\":[{\"@type\":\"ReadAction\",\"target\":[\"https:\/\/www.leitao-irmao.com\/product\/cruz-do-bom-pastor-em-prata\/\"]}]},{\"@type\":\"ImageObject\",\"inLanguage\":\"en-GB\",\"@id\":\"https:\/\/www.leitao-irmao.com\/product\/cruz-do-bom-pastor-em-prata\/#primaryimage\",\"url\":\"https:\/\/www.leitao-irmao.com\/wp-content\/uploads\/2025\/05\/cruz_bompastor_leitaoirmao_01.jpg\",\"contentUrl\":\"https:\/\/www.leitao-irmao.com\/wp-content\/uploads\/2025\/05\/cruz_bompastor_leitaoirmao_01.jpg\",\"width\":1920,\"height\":1920},{\"@type\":\"BreadcrumbList\",\"@id\":\"https:\/\/www.leitao-irmao.com\/product\/cruz-do-bom-pastor-em-prata\/#breadcrumb\",\"itemListElement\":[{\"@type\":\"ListItem\",\"position\":1,\"name\":\"Home\",\"item\":\"https:\/\/www.leitao-irmao.com\/\"},{\"@type\":\"ListItem\",\"position\":2,\"name\":\"Products\",\"item\":\"https:\/\/www.leitao-irmao.com\/shop\/\"},{\"@type\":\"ListItem\",\"position\":3,\"name\":\"Cruz do Bom Pastor em prata\"}]},{\"@type\":\"WebSite\",\"@id\":\"https:\/\/www.leitao-irmao.com\/#website\",\"url\":\"https:\/\/www.leitao-irmao.com\/\",\"name\":\"Leit\u00e3o & Irm\u00e3o\",\"description\":\"Joalheiros desde 1822\",\"publisher\":{\"@id\":\"https:\/\/www.leitao-irmao.com\/#organization\"},\"potentialAction\":[{\"@type\":\"SearchAction\",\"target\":{\"@type\":\"EntryPoint\",\"urlTemplate\":\"https:\/\/www.leitao-irmao.com\/?s={search_term_string}\"},\"query-input\":{\"@type\":\"PropertyValueSpecification\",\"valueRequired\":true,\"valueName\":\"search_term_string\"}}],\"inLanguage\":\"en-GB\"},{\"@type\":\"Organization\",\"@id\":\"https:\/\/www.leitao-irmao.com\/#organization\",\"name\":\"Leit\u00e3o & Irm\u00e3o\",\"url\":\"https:\/\/www.leitao-irmao.com\/\",\"logo\":{\"@type\":\"ImageObject\",\"inLanguage\":\"en-GB\",\"@id\":\"https:\/\/www.leitao-irmao.com\/#\/schema\/logo\/image\/\",\"url\":\"https:\/\/www.leitao-irmao.com\/wp-content\/uploads\/2022\/11\/leitaoirmao-logo.png\",\"contentUrl\":\"https:\/\/www.leitao-irmao.com\/wp-content\/uploads\/2022\/11\/leitaoirmao-logo.png\",\"width\":426,\"height\":89,\"caption\":\"Leit\u00e3o & Irm\u00e3o\"},\"image\":{\"@id\":\"https:\/\/www.leitao-irmao.com\/#\/schema\/logo\/image\/\"}}]}<\/script>\n<!-- \/ Yoast SEO plugin. -->","yoast_head_json":{"title":"Cruz do Bom Pastor em prata | Leit\u00e3o &amp; Irm\u00e3o","description":"Descubra a reedi\u00e7\u00e3o da cruz do Bom Pastor lan\u00e7ada em 2017 por ocasi\u00e3o das comemora\u00e7\u00f5es do centen\u00e1rio de F\u00e1tima. Cruz utilizada pelo Papa Francisco.","robots":{"index":"index","follow":"follow","max-snippet":"max-snippet:-1","max-image-preview":"max-image-preview:large","max-video-preview":"max-video-preview:-1"},"canonical":"https:\/\/www.leitao-irmao.com\/en\/product\/cruz-do-bom-pastor-em-prata\/","og_locale":"en_GB","og_type":"article","og_title":"Cruz do Bom Pastor em prata | Leit\u00e3o &amp; Irm\u00e3o","og_description":"Descubra a reedi\u00e7\u00e3o da cruz do Bom Pastor lan\u00e7ada em 2017 por ocasi\u00e3o das comemora\u00e7\u00f5es do centen\u00e1rio de F\u00e1tima. Cruz utilizada pelo Papa Francisco.","og_url":"https:\/\/www.leitao-irmao.com\/en\/product\/cruz-do-bom-pastor-em-prata\/","og_site_name":"Leit\u00e3o &amp; Irm\u00e3o","article_modified_time":"2026-03-03T10:24:37+00:00","og_image":[{"width":1920,"height":1920,"url":"https:\/\/www.leitao-irmao.com\/wp-content\/uploads\/2025\/05\/cruz_bompastor_leitaoirmao_01.jpg","type":"image\/jpeg"}],"twitter_card":"summary_large_image","twitter_misc":{"Estimated reading time":"1 minute"},"schema":{"@context":"https:\/\/schema.org","@graph":[{"@type":"WebPage","@id":"https:\/\/www.leitao-irmao.com\/product\/cruz-do-bom-pastor-em-prata\/","url":"https:\/\/www.leitao-irmao.com\/product\/cruz-do-bom-pastor-em-prata\/","name":"Cruz do Bom Pastor em prata | Leit\u00e3o &amp; Irm\u00e3o","isPartOf":{"@id":"https:\/\/www.leitao-irmao.com\/#website"},"primaryImageOfPage":{"@id":"https:\/\/www.leitao-irmao.com\/product\/cruz-do-bom-pastor-em-prata\/#primaryimage"},"image":{"@id":"https:\/\/www.leitao-irmao.com\/product\/cruz-do-bom-pastor-em-prata\/#primaryimage"},"thumbnailUrl":"https:\/\/www.leitao-irmao.com\/wp-content\/uploads\/2025\/05\/cruz_bompastor_leitaoirmao_01.jpg","datePublished":"2025-05-05T13:38:12+00:00","dateModified":"2026-03-03T10:24:37+00:00","description":"Descubra a reedi\u00e7\u00e3o da cruz do Bom Pastor lan\u00e7ada em 2017 por ocasi\u00e3o das comemora\u00e7\u00f5es do centen\u00e1rio de F\u00e1tima. Cruz utilizada pelo Papa Francisco.","breadcrumb":{"@id":"https:\/\/www.leitao-irmao.com\/product\/cruz-do-bom-pastor-em-prata\/#breadcrumb"},"inLanguage":"en-GB","potentialAction":[{"@type":"ReadAction","target":["https:\/\/www.leitao-irmao.com\/product\/cruz-do-bom-pastor-em-prata\/"]}]},{"@type":"ImageObject","inLanguage":"en-GB","@id":"https:\/\/www.leitao-irmao.com\/product\/cruz-do-bom-pastor-em-prata\/#primaryimage","url":"https:\/\/www.leitao-irmao.com\/wp-content\/uploads\/2025\/05\/cruz_bompastor_leitaoirmao_01.jpg","contentUrl":"https:\/\/www.leitao-irmao.com\/wp-content\/uploads\/2025\/05\/cruz_bompastor_leitaoirmao_01.jpg","width":1920,"height":1920},{"@type":"BreadcrumbList","@id":"https:\/\/www.leitao-irmao.com\/product\/cruz-do-bom-pastor-em-prata\/#breadcrumb","itemListElement":[{"@type":"ListItem","position":1,"name":"Home","item":"https:\/\/www.leitao-irmao.com\/"},{"@type":"ListItem","position":2,"name":"Products","item":"https:\/\/www.leitao-irmao.com\/shop\/"},{"@type":"ListItem","position":3,"name":"Cruz do Bom Pastor em prata"}]},{"@type":"WebSite","@id":"https:\/\/www.leitao-irmao.com\/#website","url":"https:\/\/www.leitao-irmao.com\/","name":"Leit\u00e3o & Irm\u00e3o","description":"Joalheiros desde 1822","publisher":{"@id":"https:\/\/www.leitao-irmao.com\/#organization"},"potentialAction":[{"@type":"SearchAction","target":{"@type":"EntryPoint","urlTemplate":"https:\/\/www.leitao-irmao.com\/?s={search_term_string}"},"query-input":{"@type":"PropertyValueSpecification","valueRequired":true,"valueName":"search_term_string"}}],"inLanguage":"en-GB"},{"@type":"Organization","@id":"https:\/\/www.leitao-irmao.com\/#organization","name":"Leit\u00e3o & Irm\u00e3o","url":"https:\/\/www.leitao-irmao.com\/","logo":{"@type":"ImageObject","inLanguage":"en-GB","@id":"https:\/\/www.leitao-irmao.com\/#\/schema\/logo\/image\/","url":"https:\/\/www.leitao-irmao.com\/wp-content\/uploads\/2022\/11\/leitaoirmao-logo.png","contentUrl":"https:\/\/www.leitao-irmao.com\/wp-content\/uploads\/2022\/11\/leitaoirmao-logo.png","width":426,"height":89,"caption":"Leit\u00e3o & Irm\u00e3o"},"image":{"@id":"https:\/\/www.leitao-irmao.com\/#\/schema\/logo\/image\/"}}]}},"_links":{"self":[{"href":"https:\/\/www.leitao-irmao.com\/en\/wp-json\/wp\/v2\/product\/31404","targetHints":{"allow":["GET"]}}],"collection":[{"href":"https:\/\/www.leitao-irmao.com\/en\/wp-json\/wp\/v2\/product"}],"about":[{"href":"https:\/\/www.leitao-irmao.com\/en\/wp-json\/wp\/v2\/types\/product"}],"version-history":[{"count":1,"href":"https:\/\/www.leitao-irmao.com\/en\/wp-json\/wp\/v2\/product\/31404\/revisions"}],"predecessor-version":[{"id":33158,"href":"https:\/\/www.leitao-irmao.com\/en\/wp-json\/wp\/v2\/product\/31404\/revisions\/33158"}],"wp:featuredmedia":[{"embeddable":true,"href":"https:\/\/www.leitao-irmao.com\/en\/wp-json\/wp\/v2\/media\/31455"}],"wp:attachment":[{"href":"https:\/\/www.leitao-irmao.com\/en\/wp-json\/wp\/v2\/media?parent=31404"}],"wp:term":[{"taxonomy":"product_brand","embeddable":true,"href":"https:\/\/www.leitao-irmao.com\/en\/wp-json\/wp\/v2\/product_brand?post=31404"},{"taxonomy":"product_cat","embeddable":true,"href":"https:\/\/www.leitao-irmao.com\/en\/wp-json\/wp\/v2\/product_cat?post=31404"},{"taxonomy":"product_tag","embeddable":true,"href":"https:\/\/www.leitao-irmao.com\/en\/wp-json\/wp\/v2\/product_tag?post=31404"}],"curies":[{"name":"wp","href":"https:\/\/api.w.org\/{rel}","templated":true}]}}

<p>Discover the good shepherd's cross in silver from Leitão &amp; Irmão.</p>
<p>Reprint of the Good Shepherd cross launched in 2017 on the occasion of the Fatima centenary celebrations. Cross used by Pope Francis.</p>
<p>The Cross of the Good Shepherd represents Jesus Christ as the Shepherd who cares for, protects and guides his sheep, and is a symbol of hope, love and salvation.</p>
<p>The cross is only carved on one side.</p>

<!-- This site is optimized with the Yoast SEO plugin v25.4 - https://yoast.com/wordpress/plugins/seo/ -->
<title>Cruz do Bom Pastor em prata | Leitão &amp; Irmão</title>
<meta name="description" content="Descubra a reedição da cruz do Bom Pastor lançada em 2017 por ocasião das comemorações do centenário de Fátima. Cruz utilizada pelo Papa Francisco." />
<meta name="robots" content="index, follow, max-snippet:-1, max-image-preview:large, max-video-preview:-1" />
<link rel="canonical" href="https://www.leitao-irmao.com/en/product/cruz-do-bom-pastor-em-prata/" />
<meta property="og:locale" content="en_GB" />
<meta property="og:type" content="article" />
<meta property="og:title" content="Cruz do Bom Pastor em prata | Leitão &amp; Irmão" />
<meta property="og:description" content="Descubra a reedição da cruz do Bom Pastor lançada em 2017 por ocasião das comemorações do centenário de Fátima. Cruz utilizada pelo Papa Francisco." />
<meta property="og:url" content="https://www.leitao-irmao.com/en/product/cruz-do-bom-pastor-em-prata/" />
<meta property="og:site_name" content="Leitão &amp; Irmão" />
<meta property="article:modified_time" content="2026-03-03T10:24:37+00:00" />
<meta property="og:image" content="https://www.leitao-irmao.com/wp-content/uploads/2025/05/cruz_bompastor_leitaoirmao_01.jpg" />
	<meta property="og:image:width" content="1920" />
	<meta property="og:image:height" content="1920" />
	<meta property="og:image:type" content="image/jpeg" />
<meta name="twitter:card" content="summary_large_image" />
<meta name="twitter:label1" content="Estimated reading time" />
	<meta name="twitter:data1" content="1 minute" />
<script type="application/ld+json" class="yoast-schema-graph">{"@context":"https://schema.org","@graph":[{"@type":"WebPage","@id":"https://www.leitao-irmao.com/product/cruz-do-bom-pastor-em-prata/","url":"https://www.leitao-irmao.com/product/cruz-do-bom-pastor-em-prata/","name":"Cruz do Bom Pastor em prata | Leitão &amp; Irmão","isPartOf":{"@id":"https://www.leitao-irmao.com/#website"},"primaryImageOfPage":{"@id":"https://www.leitao-irmao.com/product/cruz-do-bom-pastor-em-prata/#primaryimage"},"image":{"@id":"https://www.leitao-irmao.com/product/cruz-do-bom-pastor-em-prata/#primaryimage"},"thumbnailUrl":"https://www.leitao-irmao.com/wp-content/uploads/2025/05/cruz_bompastor_leitaoirmao_01.jpg","datePublished":"2025-05-05T13:38:12+00:00","dateModified":"2026-03-03T10:24:37+00:00","description":"Descubra a reedição da cruz do Bom Pastor lançada em 2017 por ocasião das comemorações do centenário de Fátima. Cruz utilizada pelo Papa Francisco.","breadcrumb":{"@id":"https://www.leitao-irmao.com/product/cruz-do-bom-pastor-em-prata/#breadcrumb"},"inLanguage":"en-GB","potentialAction":[{"@type":"ReadAction","target":["https://www.leitao-irmao.com/product/cruz-do-bom-pastor-em-prata/"]}]},{"@type":"ImageObject","inLanguage":"en-GB","@id":"https://www.leitao-irmao.com/product/cruz-do-bom-pastor-em-prata/#primaryimage","url":"https://www.leitao-irmao.com/wp-content/uploads/2025/05/cruz_bompastor_leitaoirmao_01.jpg","contentUrl":"https://www.leitao-irmao.com/wp-content/uploads/2025/05/cruz_bompastor_leitaoirmao_01.jpg","width":1920,"height":1920},{"@type":"BreadcrumbList","@id":"https://www.leitao-irmao.com/product/cruz-do-bom-pastor-em-prata/#breadcrumb","itemListElement":[{"@type":"ListItem","position":1,"name":"Home","item":"https://www.leitao-irmao.com/"},{"@type":"ListItem","position":2,"name":"Products","item":"https://www.leitao-irmao.com/shop/"},{"@type":"ListItem","position":3,"name":"Cruz do Bom Pastor em prata"}]},{"@type":"WebSite","@id":"https://www.leitao-irmao.com/#website","url":"https://www.leitao-irmao.com/","name":"Leitão & Irmão","description":"Joalheiros desde 1822","publisher":{"@id":"https://www.leitao-irmao.com/#organization"},"potentialAction":[{"@type":"SearchAction","target":{"@type":"EntryPoint","urlTemplate":"https://www.leitao-irmao.com/?s={search_term_string}"},"query-input":{"@type":"PropertyValueSpecification","valueRequired":true,"valueName":"search_term_string"}}],"inLanguage":"en-GB"},{"@type":"Organization","@id":"https://www.leitao-irmao.com/#organization","name":"Leitão & Irmão","url":"https://www.leitao-irmao.com/","logo":{"@type":"ImageObject","inLanguage":"en-GB","@id":"https://www.leitao-irmao.com/#/schema/logo/image/","url":"https://www.leitao-irmao.com/wp-content/uploads/2022/11/leitaoirmao-logo.png","contentUrl":"https://www.leitao-irmao.com/wp-content/uploads/2022/11/leitaoirmao-logo.png","width":426,"height":89,"caption":"Leitão & Irmão"},"image":{"@id":"https://www.leitao-irmao.com/#/schema/logo/image/"}}]}</script>
<!-- / Yoast SEO plugin. -->

Cruz do Bom Pastor em prata | Leitão &amp; Irmão

Descubra a reedição da cruz do Bom Pastor lançada em 2017 por ocasião das comemorações do centenário de Fátima. Cruz utilizada pelo Papa Francisco.

Leitão &amp; Irmão

Leitão & Irmão
